et s = -198 + t. What is the tens digit of s?
9
Suppose -4*t - 72453 = -5*s, 3*s + 44*t - 43459 = 40*t. What is the hundreds digit of s?
4
Let c(o) = o**2 + 11*o - 12. Let m(i) = 3*i + 24. Let z be m(-9). Let r be (-2 - z*4/4) + 4. What is the units digit of c(r)?
8
Let i be ((-27104)/(-3234) + (-2)/3)/((-1)/7). Let f be (-3763)/(-3) + (-1)/3. What is the tens digit of f/14 - i/126?
9
Suppose -111 + 867 = 6*d. Suppose -6*v + d = -12*v. Let s = v - -32. What is the tens digit of s?
1
Let h(t) = t**3 + 96*t**2 + 420*t + 96. What is the ten thousands digit of h(-90)?
1
Let m be ((4/(-12))/1)/((-4)/(-12588)). Let t = m + 2556. What is the units digit of t?
7
Suppose 3*n - 74 = 4*f, n + 3*n - f - 90 = 0. Let s = n - -315. What is the units digit of s?
7
Let v(k) = -31*k - 31. Let n be 9/(-21) - 1044/63. Let b be -4 + n/(-5) + 81/(-15). What is the tens digit of v(b)?
5
Let q(x) = -x**2 + 10*x + 10. Let m be q(8). What is the tens digit of (-4)/m - 39090/(-78)?
0
Suppose -5*j + 0*j + 46246 = -4719. What is the tens digit of j?
9
Suppose -293 = 4*s - 757. Suppose b = s + 222. What is the tens digit of b?
3
Let c = 16419 - -11852. What is the units digit of c?
1
Let z(w) = 26*w**2 + 117*w + 50. What is the thousands digit of z(13)?
5
Let d = -26 + 29. Let n(l) = 3*l + 2*l**2 - 2 + 1 + 2*l**d - l**2 - 2. What is the units digit of n(3)?
9
What is the ten thousands digit of ((6344536/(-85))/11)/(32/20 + -2)?
1
Suppose -8*x - q - 3 = -12*x, 2*x + 15 = -5*q. Suppose k - 465 - 31 = x. What is the tens digit of k?
9
Suppose 3*q - 3257 = -506. What is the tens digit of q?
1
Let z = 227 + -1314. Let b = z + 1648. What is the units digit of b?
1
Let s(o) = -o**3 - 6*o**2 - 4*o - 10. Let m be s(-6). What is the tens digit of 2/m + (-29538)/(-63)?
6
Let z be (-11 + 179)*(-225)/(-20). Suppose 0 = 5*x - 20 - z. What is the units digit of x?
2
What is the ten thousands digit of 48/(-72)*(0 - (-1070514)/(-12))?
5
Let j = -1058 + 2055. Suppose -j = -25*n + 503. What is the units digit of n?
0
Let v = -172 + 168. What is the units digit of ((-518)/v)/((-4)/(-16))?
8
What is the ten thousands digit of 2988752/78*(-30)/(-40)?
2
Suppose -39*g - 13940 = -59*g. What is the hundreds digit of g?
6
What is the thousands digit of (638/(-44) - -23)/((-2)/(-1588))?
6
Suppose -4*p + 15 = 5*n - 26, -n + 1 = -p. Suppose -325 = 9*v + 3*v - 1501. What is the units digit of (-2)/p*v*-1?
9
Let p(y) = -y**3 + 8*y**2 + 2*y - 15. Let a be p(8). What is the units digit of (-7)/42*-6*(a + 462)?
3
Let h = -124 - -64. Let i = h + 147. What is the tens digit of (9/(-3) - -1) + i?
8
Let i(s) = 26*s**2 + 30*s - 532. What is the thousands digit of i(-25)?
4
Let j = -3960 + 8692. What is the tens digit of j?
3
Let b = 28851 + -9969. What is the hundreds digit of b?
8
Suppose 7*w = -3*w + 70300. Suppose 14*d - 24*d + w = 0. What is the tens digit of d?
0
Suppose 5*w + 3*q + 0*q = 52941, 2*w - 21195 = 5*q. Suppose -19*d = -14737 - w. What is the thousands digit of d?
1
Suppose 94648 = 358*k - 354*k - 2*v, 0 = 3*v. What is the hundreds digit of k?
6
Let a = 39 - 34. Suppose -17045 = a*n - 12*n. What is the tens digit of (9/15)/1 - n/(-25)?
9
Let n = 219 - 216. Suppose 3*x = -a + 241, -4*x = -n*a - 0*a - 330. What is the tens digit of x?
8
Let l be 5*(-30)/100*-2*1. Let r = 11 - 11. Suppose -o + l*k + k = -165, 3*k = r. What is the hundreds digit of o?
1
Let a = 217 - 203. Suppose 0 = -a*w - 0*w + 6426. What is the units digit of w?
9
What is the units digit of 52/39*((-13)/(-2) - 5)*2377?
4
Let m(k) = -87*k - 22. Let j be 7/(280/(-24))*5. What is the units digit of m(j)?
9
Let k be 188 - (2 - (1 - -5)). What is the tens digit of (-1*k/(-4))/((-6)/(-88))?
0
Suppose 8*u + 603361 = 129*u - 619828. What is the hundreds digit of u?
1
Suppose -v + 5*s + 432 = 0, -2*s - 139 = -v + 284. Let u = 546 - v. What is the hundreds digit of u?
1
Suppose -3*t - 3270 = 3*t. Let j = t + 555. What is the units digit of j?
0
Suppose 167*q - 154*q = 3211. Let p be -2*2/4 - -54. Let g = q - p. What is the units digit of g?
4
Let b be -1 + -4 - (-3347 + 0/(-8)). Suppose w - b = -2428. What is the units digit of w?
4
Suppose -2*z + 2220 = -7*z. Let j = 912 + z. Suppose 4*n = -2*n + j. What is the tens digit of n?
7
What is the units digit of 13*-1 + (8615 - 34)?
8
Suppose 0 = -39*y + 133*y + 142*y - 9976664. What is the hundreds digit of y?
2
Let o(c) = -c**2 + 4*c + 5. Let k be o(6). Let p(b) be the second derivative of -b**3/3 + 9*b**2/2 + 1138*b. What is the tens digit of p(k)?
2
Suppose 410984 = 33*w - 316303. What is the units digit of w?
9
What is the thousands digit of (-1073898)/(-154) - (-4)/(-11)?
6
What is the tens digit of 14/105 + (-11 - -1047)*(-251)/(-30)?
6
Let c(t) = 108*t**2 + t - 25. Let m be c(-4). Let l = m - 835. What is the hundreds digit of l?
8
Let y = -7910 + 9905. What is the thousands digit of y?
1
Let a(g) = 131*g**2 - 12*g - 1. Let y be a(2). Let s = y + -249. What is the units digit of s?
0
Let w be (5 - (-119)/14)/(1/2). Let c be (-2)/(-9) + (5 - (-237)/w). Suppose o - 43 = -x, -2*x - c = -o + 35. What is the tens digit of o?
4
Let t be 15370/5*(21/6 - 4). Let x = t - -2322. What is the units digit of x?
5
Suppose 38*i - 1177225 = 3*i. What is the thousands digit of i?
3
Let q = -76764 - -128993. What is the tens digit of q?
2
Suppose 31*u - 115 = 102. Let f(q) = 22*q**2 + 5*q + 3. What is the hundreds digit of f(u)?
1
Let j be 196/3 + -1 + 64/96. Let d = 67 - j. Suppose d*b - 148 = b. What is the tens digit of b?
4
Suppose 28656 = 4*f + 3*n, -4*f + 44*n + 28660 = 46*n. What is the hundreds digit of f?
1
Let z = -93 + -370. Let y = -114 - z. What is the hundreds digit of y?
3
Let w(v) = 2200*v**3 - 8*v**2 + 10*v + 15. What is the thousands digit of w(3)?
9
Let j(r) = -33*r + 165. Let s be j(5). Suppose s = 5*x - 676 - 3374. What is the tens digit of x?
1
Let t(a) = -a - 1. Let k be t(-1). Suppose k*l = -4*l + 8. What is the units digit of -1*(-130 - l/(-1))?
8
What is the thousands digit of ((-1 - -2)*-1)/(5748/5752 + -1)?
1
Let m(i) = -i**2 + 52*i + 270. Let f be m(41). Let q = 1325 - f. What is the units digit of q?
4
Suppose 0 = 2*i - 52 + 44. Suppose -i*l + 3*w = -0*w - 7, -2*w = -l - 2. Suppose 0 = -l*n, 0*y + 5*n - 832 = -4*y. What is the tens digit of y?
0
Let i = -48634 + 98195. What is the units digit of i?
1
Suppose -4*g - 2*h + 74470 = 0, -5*g + 5*h = 2*h - 93060. What is the hundreds digit of g?
6
Let b(h) = 2*h**3 - 5*h**2 - 11*h + 13. Let p be b(7). Suppose -5*a - 62 + p = 0. Let q = 65 - a. What is the units digit of q?
2
Suppose -2*c = -4*r + 2*r + 494, -4*c = -8. What is the hundreds digit of (r/(-12))/(1/(-12))?
2
Suppose 2*x + 2 = h, -12 = 2*h - 2*x - 10. Let u(s) be the second derivative of -11*s**3/6 + 6*s**2 - 2*s. What is the units digit of u(h)?
6
Let s(h) = 4*h**3 + 4*h**2 + 16*h + 19. Let w be s(7). Suppose -3*n = -4*d + w, 4 = -2*n + 2. What is the tens digit of d?
2
Let s(t) = 4*t - 22. Let i(j) = -j**2 + 16*j - 11. Let h be i(14). Let p be s(h). Let x = 122 - p. What is the units digit of x?
6
Let p(o) = -3*o**3 - 24*o**2 - 90*o - 169. What is the units digit of p(-15)?
6
Suppose -2*g - 9*g + 4*q = -819268, 0 = -4*g - 5*q + 297935. What is the units digit of g?
0
Let p be 3 + (-1 - -6 - 10). Let f be p*4/8*0 + -2. What is the hundreds digit of (-5)/(-20) - (-942)/(-16)*f?
1
Let v(m) = -m**3 + m**2 + 15*m + 16. Let o be v(-8). Let u = 837 - o. What is the hundreds digit of u?
3
Let a(n) = 10*n**3 + 11*n**2 - 132*n + 1294. What is the tens digit of a(9)?
8
Let k = 103 + -87. Let c be (-1929)/(-2)*(k/(-12))/(-2). Let w = -376 + c. What is the tens digit of w?
6
Let x = -14064 - -25328. What is the units digit of x?
4
What is the hundreds digit of 3/(2 - -4 - (7 + (-7040)/7028))?
7
Let g(w) be the first derivative of -15*w**2/2 - w + 1. Let u be -13 + 3 + (-75)/(-15). What is the tens digit of g(u)?
7
Suppose 0 = 4*y, 0 = -c - y + 25. Suppose -17020 = -c*q + 33355. What is the thousands digit of q?
2
Suppose m = 4*q - 138093, 4*q - 5*m - 61410 = 76655. What is the units digit of q?
5
Suppose -2052 = 2*i + 15148. What is the hundreds digit of i/(-24) + 4/(-3) + 1?
3
Suppose 2501*t - 2528375 = 2388*t. What is the ten thousands digit of t?
2
Let p = 25619 + -14108. W